 the tens digit of b?
4
Let s(t) = -5 + 5*t - 3 - 2 + t**2. Suppose 38 = -5*v - 2. What is the units digit of s(v)?
4
Suppose -3*t + 7*t + 36 = 2*z, 3*z + t - 61 = 0. Suppose 5 = 2*g + 5*m, -2*g + 6*m - 22 = 2*m. Let c = g + z. What is the tens digit of c?
1
Suppose m + x = -4*x - 28, 5*m + 59 = 2*x. Let j = -16 - m. Let b = j + 18. What is the units digit of b?
5
What is the units digit of (-1*7)/((-11715)/(-902) + -13)?
4
Let k(s) = -3*s**3 + s**2 + 2*s + 6. Let u be k(-2). Suppose 328 = 32*i - u*i. What is the units digit of i?
4
What is the units digit of 0 + 6/27 + 18395/45?
9
Let s be (-708)/(-21) + (-6)/(-21). What is the units digit of s - (-1 + 3 - 1)?
3
Suppose 6*f - 5*f = 25. Suppose -f = -p + 5. What is the units digit of p?
0
Suppose -4*f = -f - 12. Let u(j) = 15*j + 63. Let b be u(-4). Suppose -s = 2*l - b, 1 = -f*l + l + 4*s. What is the units digit of l?
1
Let n(s) = 8*s + 6. Let y be n(-4). Let c = y + 18. What is the tens digit of 3/1 + (-136)/c?
2
Suppose 3*u + 4*d = 6*d + 423, -571 = -4*u + 5*d. What is the units digit of u?
9
What is the units digit of (-128214)/(-63) - 4/(-56)*-2?
5
What is the thousands digit of 4*(-12)/(-8)*2469/9?
1
Suppose 122 = o - 2*u - 2*u, -5*o + 3*u + 644 = 0. What is the hundreds digit of o?
1
Let m = 2 - -3. Suppose -5*i + 41 = d, 41 = m*i - d + 2. What is the units digit of i?
8
Suppose 5*r + 0*r + w - 7452 = 0, 4*r - w = 5958. What is the tens digit of r?
9
Let w(n) = -n**3 + 11*n**2 + 9*n + 10. Let k be w(7). Suppose 2*p + k = -163. What is the units digit of 1/1 - p/6?
7
Let d(t) = -t**2 + 11*t + 29. Suppose 44 = 3*p + z, -2*z - 3*z = 5*p - 90. What is the units digit of d(p)?
3
Let h = 620 - 142. What is the tens digit of h?
7
Let v(m) = m**2 + 7*m - 129. Let l be v(-15). Let k(i) = -3*i**2 - 10 + 1 - 13*i + 2*i**2. What is the units digit of k(l)?
7
Let q = -582 + 2378. What is the tens digit of q?
9
Let s = -30 - -54. Let g be (74/(-4))/((-8)/16). Let y = g - s. What is the tens digit of y?
1
Let m(v) = -v**2 + 9*v + 5. Let o be m(9). Suppose -o*t = -3*f - 150, f + 46 = 2*t - 3*f. What is the units digit of t?
3
Let d be -1 + 2714/18 - (-36)/162. Suppose 28*n = 29*n - d. What is the hundreds digit of n?
1
Let w(u) = u - 1. Let a be w(11). Suppose a*r - 59 = 1001. What is the hundreds digit of r?
1
Let s(f) = -53*f - 45. Let o(w) = -18*w - 15. Let d(g) = 17*o(g) - 6*s(g). What is the units digit of d(14)?
3
Let t be (2*-1)/(1/(-2)). Suppose 0 = -a + t*j - 14, 0 = -5*a - 5*j + j - 46. What is the units digit of 4/2*(-80)/a?
6
Suppose 197 = 7*w - 601. Suppose 5*t = -2*j + 293, 0 = -j - 2*t + 6*t + w. What is the hundreds digit of j?
1
Suppose 0 = 339*u - 335*u - 1092. What is the tens digit of u?
7
Suppose 9*c - 86 - 202 = 0. Let u be c/(-18) - 42/189. What is the units digit of (5 + u)*70/6?
5
Let p be 4 + 5 + -3 + 0. Suppose 0 = 3*q + p*q - 1962. What is the tens digit of q?
1
Suppose -2*i = -i - 26. Let y be ((-21)/28)/(3/(-16)). Suppose 18 = y*l - i. What is the units digit of l?
1
Suppose 0 = -7*j + 4*j + 25224. What is the hundreds digit of 4/18 - j/(-72)?
1
Suppose 5*p - 1655 = -5*k - 0*p, -2*k + 657 = p. Suppose -2*y + 70 = 2*q - q, 0 = 5*q - 2*y - k. What is the tens digit of q?
6
Suppose 2*s = 185 + 7. Let i(j) = -j**2 + 27*j + 126. Let n be i(31). Suppose -n*z - s = -4*w, 0 = 3*w - 4*z - 32 - 30. What is the units digit of w?
6
Let h(o) = -3*o**2 + 4*o + 2*o**2 - 5*o. Let j be h(-6). Let x = -16 - j. What is the units digit of x?
4
Let k = 204 - -36. What is the tens digit of k?
4
Let m = -3642 - -5350. What is the thousands digit of m?
1
Let b(u) = u**3 - u**2 - u. Let f be b(2). Suppose 3*h + 4*a + 15 = 0, -3*h = -f*h - 5*a + 5. Let s = 35 + h. What is the tens digit of s?
3
Let f be (266/10 - 3)*(3 - -12). Suppose 25*g - 31*g = -f. What is the tens digit of g?
5
Let q(r) = r**2 + 10*r + 21. Suppose -3*a = -32 + 56. What is the units digit of q(a)?
5
Let d(z) = -3*z + 5*z + 75 + 3*z - 3*z. What is the units digit of d(7)?
9
Suppose -5*h - v + 224 = 0, 5*v + 292 - 107 = 4*h. What is the units digit of h + (3 - (4 + -5))?
9
Suppose 0*y + 3*y - 2*v - 23 = 0, y + 5*v = 19. Suppose 0*w - 18 = -3*w. What is the units digit of 40 + 2/w*y?
3
Suppose -229 = -3*v + 221. Let q be -2 - (0/(-3) + v). Let j = -90 - q. What is the units digit of j?
2
Suppose 3*c - h + 6*h - 130 = 0, 0 = -c - 3*h + 46. What is the tens digit of c?
4
Let y(m) = -m**3 + 16*m**2 + 19*m - 21. What is the tens digit of y(17)?
1
Let j = -2659 + 4474. What is the hundreds digit of j?
8
Suppose -3*t - 1332 = 4*x - 5369, -1013 = -x + 3*t. What is the units digit of x?
0
Let t(j) = 6*j**2 - 48*j - 35. What is the hundreds digit of t(15)?
5
What is the hundreds digit of 3120/9 + 3/9?
3
Suppose -3*h - 1 = -2*n, 0 = -3*h + 4*h - n + 1. What is the tens digit of (11/(-5) + h)*-35?
4
Let b(v) = -v - 7. Let q(t) be the third derivative of t**6/120 - t**5/60 - 4*t**3/3 + 5*t**2. Let x be q(0). What is the units digit of b(x)?
1
Suppose 5*j - 5*v = 14 + 6, -5*j + 8 = -2*v. Suppose 0 = 3*r - 0*r - 18. Suppose -4*z + r*z + 3*o = 15, j = -3*z + 3*o + 60. What is the tens digit of z?
1
Let t = 650 - 464. What is the units digit of t?
6
Suppose y + 2 = 4*m, 4*y - 5*m = 2 + 1. Let k be ((-2)/6)/(y/12). Let t(w) = -16*w - 4. What is the tens digit of t(k)?
2
Let m = -1823 + 907. What is the units digit of (17/(-68))/(1/m)?
9
Let b = -20 - -22. What is the units digit of 1 + -2 + b - -34?
5
Let m(g) = 4*g - 1 - g**2 - 7*g**2 + 9*g**2 - g**3. Let p be m(2). Suppose d - 3 = p*y + 4*d, 4*d = -y - 7. What is the units digit of y?
1
Let p(x) = -9*x - 4. Let z(k) be the first derivative of 9*k**2/2 + 4*k - 3. Let i(u) = 7*p(u) + 6*z(u). What is the tens digit of i(-3)?
2
Suppose 498 = -5*z - 2*b + 141, -2*b - 144 = 2*z. Let h(k) = 5*k**2 - 10*k. Let t be h(6). Let i = t + z. What is the units digit of i?
9
Let v(c) be the second derivative of 11*c**3/6 - 29*c**2/2 - 13*c. What is the units digit of v(7)?
8
Suppose 33 = p + 4*o, p + p - 40 = 5*o. Let r be 20/p + (-6)/(-5). Suppose -2*v - v - r*j + 193 = 0, 59 = v + 2*j. What is the tens digit of v?
6
Suppose c = -2*c - x + 3646, -3*c + 3650 = -x. What is the hundreds digit of c?
2
Suppose -48*r + 14670 = -39*r. What is the hundreds digit of r?
6
Let x = 11 + -15. Let l(c) = -3*c - 10. Let p be l(x). What is the units digit of ((-47)/p + 3)*-2?
1
Let t be 4*-1*(-6 - 20/(-5)). Suppose 0 = -t*h + 11*h - 399. What is the hundreds digit of h?
1
Let a(t) = -2*t + 21. Let q(b) = -2*b + 20. Let v(z) = 2*a(z) - 3*q(z). Let f be v(12). Let s = f + 57. What is the tens digit of s?
6
Let f = -5 - -10. Suppose -55 - 15 = -f*j. Let t = j - -17. What is the tens digit of t?
3
Let f(m) = m**3 - m**2 - 4*m + 3. Let d be f(3). Let u be (3/d)/((-2)/(-36)). Suppose 2 = 5*x + 4*l, -10 = u*l - l. What is the units digit of x?
2
Suppose 2*l - l + 3*r = 1, -4*r + 4 = 2*l. Suppose 8*c = l*c + 420. Suppose 9 = 3*p - c. What is the tens digit of p?
3
Let h = -1 - -5. Let n be (-995)/(-10) - 2/h. Let k = -69 + n. What is the tens digit of k?
3
What is the tens digit of (-4375)/2*(-148)/259?
5
Let x = 180 - 6. Let b = x - 82. What is the tens digit of b?
9
Suppose 0 = 2*y + 4*g - 2*g - 2, 3*g + 17 = y. Suppose -h = y*w - 213 + 39, 4*w - h - 141 = 0. What is the tens digit of w?
3
Let u(p) = 12*p**2. Let t = 7 + -7. Suppose -4*o + t = -4. What is the tens digit of u(o)?
1
Suppose -4*r = 4*y - 15220, -13*y + 15185 = -9*y - 3*r. What is the units digit of y?
0
What is the hundreds digit of -14 - 2288/(-12) - (-4)/(-6)?
1
Suppose 533 = 23*w + 4. What is the tens digit of w?
2
Let m(a) = 5 + a**3 - 2 + 0 - 13*a + 6*a**2 + 14*a. Suppose 4*o + d + 15 = 0, -4*o - 3*d = 2*d + 11. What is the tens digit of m(o)?
3
Let q be ((-876)/15 - 0)/(2/10). Let j = 41 - q. What is the units digit of j?
3
Suppose a = -2*j - 43, 2*a = -0*j + 3*j + 68. Let k = j - -24. Suppose 0*d + 60 = k*d. What is the tens digit of d?
3
Suppose 0 = 5*f + 23 + 7. Let a be (-2)/f*(14 - 8). Let x(h) = 4*h - 1. What is the units digit of x(a)?
7
Let k(r) = -5*r - 9 - 3*r - r + 2*r**2. Let q be k(7). Suppose -x = a - q, -16 + 2 = -a + 2*x. What is the units digit of a?
2
Let h(y) = y**3 + 3*y**2 + 31*y - 17. What is the hundreds digit of h(14)?
7
Suppose -i 